e 4*v - 143 - 497 = 0. What is the units digit of v?
0
Let y = -45 - -156. What is the hundreds digit of y?
1
Suppose i - 32 = 3*j, 4*j + i + 77 - 25 = 0. Let b(z) = -12*z - 6. What is the tens digit of b(j)?
3
Suppose 5*k = -8*k. Let x(n) = -7 + n + n**2 + 6 + 14. What is the tens digit of x(k)?
1
Suppose -3*a + 3 = -2*l, -5*l + 2*l = -9. Suppose 7*m = a*m + 16. What is the units digit of m?
4
Suppose 0 = 1320*v - 1315*v - 6315. What is the units digit of v?
3
Suppose -87 = -2*z - 3*x, 175 = 4*z + 6*x - x. What is the tens digit of z?
4
Let c(z) = -9*z + 77. Let w be c(13). Let l(h) = -h**2. Let g be l(2). What is the units digit of 3 - g/(-1) - w?
9
Let u(p) = p**3 - 6*p + 4. Let r be u(3). Suppose y - 2*l - 23 = 0, y - 4 = -l + r. What is the units digit of y?
9
Suppose 3*z = m + 452, -5*z = 2*m + m - 772. Let h = 268 - z. What is the units digit of h?
6
Suppose 0*r + r = -4*g - 15, 4*r = -2*g + 10. Let m be 3 + (2 - 2)/2. Suppose 0 = -r*i + 2*h + 126, 2*h - 5*h = m*i - 84. What is the tens digit of i?
2
Let d(x) be the first derivative of -x**2/2 - x - 13. What is the units digit of d(-6)?
5
Suppose 4*k + 10 + 30 = 0. Let d be (-3)/15 - 832/k. Let r = d - 36. What is the units digit of r?
7
What is the units digit of (-111965)/(-63) + 4/(-72)*4?
7
Let p be 1/(-3) - 52/6. Let n = p + 11. Suppose -5*d = 3*x - 16, 3*d = 4*x - 0*x - n. What is the units digit of d?
2
Let a = -49 + -5. Let u be 324/(-2)*a/12. What is the units digit of ((-3)/9)/((-3)/u)?
1
Suppose 5*w - 26 = -6. Suppose -w*n + 9*n = 350. What is the tens digit of n?
7
Let z(m) = 6*m**2 - m + 1. Let a be z(-2). Let d be (-63)/5 + 2/(-5). Let w = a + d. What is the units digit of w?
4
Let j be (-10)/(1 + (1 - 1)). Let s = -37 + -11. What is the units digit of s/15*25/j?
8
Suppose o + 2*g - g - 3 = 0, 5*g - 9 = -2*o. Let i be 707/14 + (-1)/o. Suppose -3*n + i = -25. What is the units digit of n?
5
Suppose 4*w - 4*k + 1560 = 0, 4*w - 5*k = -119 - 1446. Suppose -4*r = 2*n - 5 + 37, 0 = 5*n - 4*r + 38. What is the tens digit of w/n + (-6)/(-4)?
4
What is the hundreds digit of 44/110 - 13343/(-5)?
6
Let q(o) = 4*o**2 - o - 8. Let f(i) = -5*i**2 + 2*i + 7. Let z(j) = 3*f(j) + 4*q(j). Suppose -6 - 6 = 2*a. What is the units digit of z(a)?
3
Let k(c) = -7*c**3 - 5*c**2 - 6*c - 4. What is the tens digit of k(-4)?
8
Let f = -699 + 1054. What is the units digit of f?
5
Suppose -5*y + 4*b = 369 - 1780, b + 562 = 2*y. What is the hundreds digit of y?
2
Let i(p) = -p + 2. Let m be i(-1). Suppose h + 3*h + 13 = r, -3*r + 12 = -m*h. What is the units digit of r?
1
Let v(i) = 2*i**2 + 8*i**2 - i - 25 + 24 + 8*i**2. What is the tens digit of v(-1)?
1
Suppose 0 = 5*w - 5*r - 1490, 3*r - 92 = -w + 210. What is the hundreds digit of w?
2
Let m be -2 + 2 + 4 + -3. Let c(d) = -17*d**2 + 2*d + 1. Let a(f) = 34*f**2 - 5*f - 2. Let b(x) = -2*a(x) - 5*c(x). What is the units digit of b(m)?
6
Let u be -4 + (3 - 4) - 1. Let o = 14 + u. What is the tens digit of 10/(-4)*-1*o?
2
Suppose 0 = 39*d - 35*d - 56. Suppose d = 5*m - 4*s, -m + 24 = m + 3*s. Suppose -m*k + 144 + 198 = 0. What is the units digit of k?
7
What is the hundreds digit of (-2772)/(-2) - (5 + (-88)/8)?
3
Suppose -3 + 29 = -k. Let l = 26 + k. Let b(n) = -2*n + 57. What is the tens digit of b(l)?
5
Let q = -13 + 102. Let z = 143 - q. What is the units digit of z?
4
Let t = -24 + 35. Let g = 23 + 6. Suppose -5*l + g = -t. What is the units digit of l?
8
Suppose 3*b + 13*g - 9*g = 4759, -b = 2*g - 1587. What is the tens digit of b?
8
Let p(m) = 3*m**2 + m + 3. Let y(a) = a**2 + 24*a + 38. Let o be y(-22). What is the units digit of p(o)?
5
Suppose 23 = 4*r - 817. What is the units digit of r?
0
Let p(z) = 3*z**3 - 5*z**2 - 81. Let i(g) = -5*g**3 + 8*g**2 + 121. Let d(s) = -5*i(s) - 8*p(s). What is the units digit of d(0)?
3
Suppose 0 = -2*o - 3*u + 12, 4*o + 5*u - 3*u - 40 = 0. Let n(m) = 3*m**3 - 3*m**2 + 2*m + 1. Let j be n(2). Let y = j - o. What is the units digit of y?
5
Suppose 2*o - 1952 = 346. What is the tens digit of o?
4
Let g = 966 + -646. Let r = -229 + g. What is the units digit of r?
1
Let x(y) = 15*y + 7. Suppose 76*m - 78*m = -12. What is the tens digit of x(m)?
9
Let f(a) be the first derivative of -3*a**3/2 - 9*a**2/2 - 6*a - 1. Let l(w) be the first derivative of f(w). What is the tens digit of l(-7)?
5
Suppose -11 + 27 = 4*c. What is the units digit of c?
4
Let g(m) = 27*m**2 - 5*m + 2. Let x(w) = 3*w**2 - 2*w - 2. Let b be x(-1). Let u be g(b). Suppose 0 = -3*y - 2*y + u. What is the tens digit of y?
4
Suppose 73*f + 1590 = 88*f. What is the hundreds digit of f?
1
Let m = 5497 + -2276. What is the units digit of m?
1
Let x = 1327 + -11. What is the units digit of x?
6
Let t(x) = -x**3 + x**2 + 3*x + 375. What is the hundreds digit of t(0)?
3
Suppose g + 53 - 77 = 0. Suppose 4*k - k = g. What is the units digit of k?
8
Suppose 133 = -4*u - 5*r + 642, 2*u + 4*r - 250 = 0. What is the tens digit of u?
3
Let w(u) = -u**2 - 2*u - 70. Let j(v) = 3*v**2 + 5*v + 211. Let s(q) = 4*j(q) + 11*w(q). What is the units digit of s(0)?
4
Suppose 4*c + 0*r - 5*r = 11, -5*r = 4*c - 21. Suppose c*w = 2*l + 348, 0 = -5*w - 0*l - l + 428. What is the tens digit of w?
8
Suppose 7*m - 7 - 140 = 0. Suppose -m*d = -18*d - 117. What is the units digit of d?
9
Suppose -2*u = 3*u + 5*a - 1095, -4*u = -2*a - 852. Let m = -86 + u. What is the hundreds digit of m?
1
Let u = 31 + -29. What is the tens digit of u*(-3 + 37) - (6 - 6)?
6
Suppose 2*g - 61 = 281. What is the units digit of g?
1
Suppose 31*t - 27763 = 52155. What is the hundreds digit of t?
5
Let x = 17 - 27. Let s = 12 + x. Suppose -4*l + 19 = r, -l - s*r + 10 = -0*r. What is the units digit of l?
4
Suppose 9*z - 3 - 24 = 0. Suppose -5*p - 715 = -5*m, -2*m - z*p = -p - 298. What is the hundreds digit of m?
1
Let x = -63 - -23. Let o(a) = 109*a + 2. Let c be o(1). Let f = x + c. What is the tens digit of f?
7
Let f(b) = -22 + 19*b + 12*b + 20. What is the units digit of f(3)?
1
Let o(i) = 18*i**2 + 29*i + 6. What is the units digit of o(-5)?
1
What is the hundreds digit of -5 + ((-1676)/(-2) - 18/(-18))?
8
Suppose m = -0*m - 2, -3*m = 2*c + 22. What is the units digit of ((-12)/c)/3*24?
2
Suppose 0 = l + 8 + 2. Let h be 640/l - (-1 + -3). Let k = h + 126. What is the tens digit of k?
6
Suppose -4*m + c - 6 = 0, -3*m = -m - 3*c + 8. What is the hundreds digit of (-18 + 1*m)*133/(-19)?
1
Suppose 48*y = 32*y + 25056. What is the hundreds digit of y?
5
What is the thousands digit of 2/14 - (-14 - 46672/28)?
1
Suppose 27*o - 20*o - 3024 = 0. What is the hundreds digit of o?
4
Let s(c) be the third derivative of -c**6/120 - c**5/6 - c**4/12 + 7*c**3/3 + c**2. What is the units digit of s(-10)?
4
What is the units digit of 8 + -1 + 755 - (2 + 3)?
7
Let u(i) = -2*i**3 + 7*i**2 + 22. Let c(b) = b**3 - b. Let j(y) = -3*c(y) - u(y). What is the hundreds digit of j(-9)?
1
Suppose 4*s - 700 + 180 = 0. What is the tens digit of s?
3
Let n be 0 + (-49)/(-5) - 39/(-195). Suppose -n*d = -14*d + 648. What is the tens digit of d?
6
Suppose -5*h = 2*r - 3790 - 5261, h = 5*r - 22587. What is the units digit of r?
8
Let q = 453 - -164. What is the hundreds digit of q?
6
Let r(m) be the third derivative of m**5/30 + 7*m**4/24 + 5*m**3/6 + m**2. Let d = 19 + -24. What is the units digit of r(d)?
0
Let r be 97/3 - 20/60. Let h(g) = g**2 - 28*g + 56. What is the hundreds digit of h(r)?
1
Let q be 4 + -7 - (-2 + 2). Let g be 42 + 1*(q + 6). Suppose 2*h + 3*h = g. What is the units digit of h?
9
Suppose -2*o + 0*o + 26 = 0. Suppose 0 = -5*s - 3*i - 30, -4*s - 3*i = 2*i + 24. Let d = o - s. What is the units digit of d?
9
Let z(y) = -23*y - 29. Let p be z(-6). Let q = -50 + p. What is the units digit of q?
9
Let s(i) = -2*i**3 - 5*i**2 - 13*i - 7. What is the tens digit of s(-7)?
2
Let o(q) = 32*q**3 - 4*q**2 - q. Let y be o(2). Suppose 4*i = -3*h + 3*i + 679, 0 = -h + 2*i + y. What is the tens digit of h?
2
Let z(d) = 42*d**3 - 2*d**2 + d. Let i(y) = -y - 8. Let c be i(-10). Suppose c*o = 4, -2 = -4*t - 4*o + 5*o. What is the units digit of z(t)?
1
Let t = -32 - -45. Let b(r) = 3*r + 28. What is the tens digit of b(t)?
6
Suppose 4*a - 1676 = -2*c + 1524, 5*c + 2400 = 3*a. What is the units digit of a?
0
Let b(u) = 23*u